{"id":99,"date":"2016-05-14T18:43:16","date_gmt":"2016-05-14T17:43:16","guid":{"rendered":"http:\/\/ronny-sachse.de\/brettken\/?page_id=99"},"modified":"2018-06-12T18:38:07","modified_gmt":"2018-06-12T17:38:07","slug":"archiv","status":"publish","type":"page","link":"http:\/\/ronny-sachse.de\/brettken\/ueber-uns-2\/archiv\/","title":{"rendered":"Archiv"},"content":{"rendered":"<p>Hier finden Sie eine \u00dcbersicht unserer Auff\u00fchrungen aus den letzten Jahren.<\/p>\n<p><a href=\"http:\/\/ronny-sachse.de\/brettken\/?page_id=102\">Winterst\u00fcck 2015 \u2013 Urmel aus dem Eis<\/a><br \/>\n<a href=\"http:\/\/ronny-sachse.de\/brettken\/?page_id=127\">Sommerst\u00fcck 2016 \u2013 Amaretto<\/a><br \/>\n<a href=\"http:\/\/ronny-sachse.de\/brettken\/?page_id=145\">Sommerst\u00fcck 2017 \u2013 Erwischt<\/a><br \/>\n<a href=\"http:\/\/ronny-sachse.de\/brettken\/winterstueck-2017-peter-pan\/\">Winterst\u00fcck 2017 &#8211; Peter Pan<\/a><\/p>\n","protected":false},"excerpt":{"rendered":"<p>Hier finden Sie eine \u00dcbersicht unserer Auff\u00fchrungen aus den letzten Jahren. Winterst\u00fcck 2015 \u2013 Urmel aus dem Eis Sommerst\u00fcck 2016 \u2013 Amaretto Sommerst\u00fcck 2017 \u2013 Erwischt Winterst\u00fcck 2017 &#8211; Peter Pan<\/p>\n","protected":false},"author":1,"featured_media":0,"parent":17,"menu_order":2,"comment_status":"closed","ping_status":"open","template":"","meta":[],"_links":{"self":[{"href":"http:\/\/ronny-sachse.de\/brettken\/wp-json\/wp\/v2\/pages\/99"}],"collection":[{"href":"http:\/\/ronny-sachse.de\/brettken\/wp-json\/wp\/v2\/pages"}],"about":[{"href":"http:\/\/ronny-sachse.de\/brettken\/wp-json\/wp\/v2\/types\/page"}],"author":[{"embeddable":true,"href":"http:\/\/ronny-sachse.de\/brettken\/wp-json\/wp\/v2\/users\/1"}],"replies":[{"embeddable":true,"href":"http:\/\/ronny-sachse.de\/brettken\/wp-json\/wp\/v2\/comments?post=99"}],"version-history":[{"count":3,"href":"http:\/\/ronny-sachse.de\/brettken\/wp-json\/wp\/v2\/pages\/99\/revisions"}],"predecessor-version":[{"id":212,"href":"http:\/\/ronny-sachse.de\/brettken\/wp-json\/wp\/v2\/pages\/99\/revisions\/212"}],"up":[{"embeddable":true,"href":"http:\/\/ronny-sachse.de\/brettken\/wp-json\/wp\/v2\/pages\/17"}],"wp:attachment":[{"href":"http:\/\/ronny-sachse.de\/brettken\/wp-json\/wp\/v2\/media?parent=99"}],"curies":[{"name":"wp","href":"https:\/\/api.w.org\/{rel}","templated":true}]}}