{"id":35,"date":"2015-02-23T16:58:20","date_gmt":"2015-02-23T15:58:20","guid":{"rendered":"http:\/\/ronny-sachse.de\/brettken\/?page_id=35"},"modified":"2022-08-15T21:21:17","modified_gmt":"2022-08-15T20:21:17","slug":"auffuehrung","status":"publish","type":"page","link":"http:\/\/ronny-sachse.de\/brettken\/aktuelles\/auffuehrung\/","title":{"rendered":"Shirley\u00b4s Tempel"},"content":{"rendered":"<p>eine Kom\u00f6die in drei Akten von Peter Tenge (Auff\u00fchrungsrechte: Plausus Theaterverlag)<\/p>\n<p>Inhalt:<br \/>\n1949, ein paar Jahre nach dem Kriegsende, hat das Hotel \u201eShirley&#8217;s Tempel\u201c schon lange<br \/>\nkeinen Gast mehr gesehen. Und das, obwohl das Hotel in bester Lage in Hollywood liegt: mit<a href=\"http:\/\/ronny-sachse.de\/brettken\/wp-content\/uploads\/2022\/08\/Shirleys_Tempel-5390.jpg\"><img loading=\"lazy\" class=\"wp-image-244 alignright\" src=\"http:\/\/ronny-sachse.de\/brettken\/wp-content\/uploads\/2022\/08\/Shirleys_Tempel-5390-1024x614.jpg\" alt=\"\" width=\"416\" height=\"249\" srcset=\"http:\/\/ronny-sachse.de\/brettken\/wp-content\/uploads\/2022\/08\/Shirleys_Tempel-5390-1024x614.jpg 1024w, http:\/\/ronny-sachse.de\/brettken\/wp-content\/uploads\/2022\/08\/Shirleys_Tempel-5390-300x180.jpg 300w, http:\/\/ronny-sachse.de\/brettken\/wp-content\/uploads\/2022\/08\/Shirleys_Tempel-5390-768x461.jpg 768w, http:\/\/ronny-sachse.de\/brettken\/wp-content\/uploads\/2022\/08\/Shirleys_Tempel-5390-1536x921.jpg 1536w, http:\/\/ronny-sachse.de\/brettken\/wp-content\/uploads\/2022\/08\/Shirleys_Tempel-5390.jpg 1667w\" sizes=\"(max-width: 416px) 100vw, 416px\" \/><\/a>Blick auf die \u201eHollywood Hills\u201c direkt neben den legend\u00e4ren \u201eMercury-Filmstudios\u201c.<br \/>\nAber auch dessen Glanzzeiten liegen lange zur\u00fcck: seit dem Ende der Stummfilm-\u00c4ra wurde<br \/>\ndort kein einziger Film mehr gedreht.<br \/>\nUmso erfreuter ist Hotelbesitzerin Shirley, als sie zuf\u00e4llig aus der Zeitung erf\u00e4hrt, dass die<br \/>\nFilmstudios eine Fortsetzung des Klassikers \u201eVom Winde verweht\u201c planen und daf\u00fcr zwei<br \/>\nDiven zum Vorsprechen f\u00fcr die Hauptrolle eingeladen haben. Shirleys Nichte Holly ist als<br \/>\nZimmerm\u00e4dchen nicht ganz so begeistert, nun zwei Appartements im sechsten Stock<br \/>\nherrichten zu m\u00fcssen &#8211; auch der Aufzug ist ja seit Jahren hin\u00fcber&#8230;<br \/>\nKurz darauf steigen tats\u00e4chlich die beiden ehemals gro\u00dfen Stars der Stummmfilmzeit im<br \/>\nHotel ab: Disomena van Hohnberge gemeinsam mit ihrer Assistentin Georgina und die wegen<br \/>\nihrer Launen gef\u00fcrchtete Lucille le Seur, die kurzerhand den Taxifahrer Red als Butler<br \/>\nengagiert.<\/p>\n<p><a href=\"http:\/\/ronny-sachse.de\/brettken\/wp-content\/uploads\/2022\/08\/Shirleys_Tempel-5409.jpg\"><img loading=\"lazy\" class=\"wp-image-245 alignleft\" src=\"http:\/\/ronny-sachse.de\/brettken\/wp-content\/uploads\/2022\/08\/Shirleys_Tempel-5409-1024x644.jpg\" alt=\"\" width=\"380\" height=\"239\" srcset=\"http:\/\/ronny-sachse.de\/brettken\/wp-content\/uploads\/2022\/08\/Shirleys_Tempel-5409-1024x644.jpg 1024w, http:\/\/ronny-sachse.de\/brettken\/wp-content\/uploads\/2022\/08\/Shirleys_Tempel-5409-300x189.jpg 300w, http:\/\/ronny-sachse.de\/brettken\/wp-content\/uploads\/2022\/08\/Shirleys_Tempel-5409-768x483.jpg 768w, http:\/\/ronny-sachse.de\/brettken\/wp-content\/uploads\/2022\/08\/Shirleys_Tempel-5409-1536x967.jpg 1536w, http:\/\/ronny-sachse.de\/brettken\/wp-content\/uploads\/2022\/08\/Shirleys_Tempel-5409.jpg 1589w\" sizes=\"(max-width: 380px) 100vw, 380px\" \/><\/a>Als die Diven bemerken, dass sie Wand an Wand wohnen, beginnt zwischen den in tiefer<br \/>\nAbneigung verbundenen Konkurrentinnen ein Zickenkrieg, der zu einigen Verwicklungen<br \/>\nf\u00fchrt und schlie\u00dflich alle Menschen im Hotel in Atem h\u00e4lt.<br \/>\nAls schlie\u00dflich der lang erwartete Casting-Manager Roscoe Hillenkoetter v\u00f6llig ahnungslos<br \/>\nmitten hinein in dieses Geschehen ger\u00e4t, gibt es einige \u00dcberraschungen &#8211; und die Katastrophe<br \/>\nnimmt noch einmal Fahrt auf!<br \/>\nAlle Beteiligten versuchen zu retten, was noch zu retten ist &#8211; aber kann unter diesen<br \/>\nBedingungen die Hauptrolle im neuen Film \u00fcberhaupt noch besetzt werden?<br \/>\nUnd wenn: mit wem&#8230;?<\/p>\n","protected":false},"excerpt":{"rendered":"<p>eine Kom\u00f6die in drei Akten von Peter Tenge (Auff\u00fchrungsrechte: Plausus Theaterverlag) Inhalt: 1949, ein paar Jahre nach dem Kriegsende, hat das Hotel \u201eShirley&#8217;s Tempel\u201c schon lange keinen Gast mehr gesehen. Und das, obwohl das Hotel in bester Lage in Hollywood liegt: mitBlick auf die \u201eHollywood Hills\u201c direkt neben den legend\u00e4ren \u201eMercury-Filmstudios\u201c. Aber auch dessen Glanzzeiten &#8230; <a title=\"Shirley\u00b4s Tempel\" class=\"read-more\" href=\"http:\/\/ronny-sachse.de\/brettken\/aktuelles\/auffuehrung\/\">weiterlesen<\/a><\/p>\n","protected":false},"author":1,"featured_media":0,"parent":14,"menu_order":1,"comment_status":"closed","ping_status":"open","template":"","meta":[],"_links":{"self":[{"href":"http:\/\/ronny-sachse.de\/brettken\/wp-json\/wp\/v2\/pages\/35"}],"collection":[{"href":"http:\/\/ronny-sachse.de\/brettken\/wp-json\/wp\/v2\/pages"}],"about":[{"href":"http:\/\/ronny-sachse.de\/brettken\/wp-json\/wp\/v2\/types\/page"}],"author":[{"embeddable":true,"href":"http:\/\/ronny-sachse.de\/brettken\/wp-json\/wp\/v2\/users\/1"}],"replies":[{"embeddable":true,"href":"http:\/\/ronny-sachse.de\/brettken\/wp-json\/wp\/v2\/comments?post=35"}],"version-history":[{"count":14,"href":"http:\/\/ronny-sachse.de\/brettken\/wp-json\/wp\/v2\/pages\/35\/revisions"}],"predecessor-version":[{"id":256,"href":"http:\/\/ronny-sachse.de\/brettken\/wp-json\/wp\/v2\/pages\/35\/revisions\/256"}],"up":[{"embeddable":true,"href":"http:\/\/ronny-sachse.de\/brettken\/wp-json\/wp\/v2\/pages\/14"}],"wp:attachment":[{"href":"http:\/\/ronny-sachse.de\/brettken\/wp-json\/wp\/v2\/media?parent=35"}],"curies":[{"name":"wp","href":"https:\/\/api.w.org\/{rel}","templated":true}]}}