{"id":145,"date":"2017-11-05T14:46:33","date_gmt":"2017-11-05T13:46:33","guid":{"rendered":"http:\/\/ronny-sachse.de\/brettken\/?page_id=145"},"modified":"2017-11-05T15:00:19","modified_gmt":"2017-11-05T14:00:19","slug":"sommerstueck-2017-erwischt","status":"publish","type":"page","link":"http:\/\/ronny-sachse.de\/brettken\/ueber-uns-2\/archiv\/sommerstueck-2017-erwischt\/","title":{"rendered":"Sommerst\u00fcck 2017 &#8211; Erwischt"},"content":{"rendered":"<p><span style=\"text-decoration: underline; color: #fe990e;\"><strong>&#8222;Erwischt! Oder: Im Schwarzen R\u00f6ssel am Golfballsee&#8220;<\/strong><\/span><br \/>\n<i>eine Wirtschafts-Krimi-Heimat-Boulevard-Kom\u00f6die von Mike Schneider<\/i><\/p>\n<p>Das &#8222;Schwarze R\u00f6ssel&#8220;, ein kleines und Dank der d\u00fcrftigen Gesch\u00e4ftst\u00fcchtigkeit der Inhaber m\u00e4chtig heruntergekommenes Gasthaus, direkt am Golfballsee, mit selten genutzten G\u00e4stezimmern der unteren Luxusklasse. Wenn man G\u00e4ste h\u00e4tte, so k\u00f6nnte man diese allerdings mit frischen und wohlschmeckenden Erzeugnissen aus der hauseigenen Pferdemetzgerei verw\u00f6hnen.<br \/>\nDen ausbleibenden Zustrom an G\u00e4sten f\u00fchrt der &#8222;R\u00f6sselwirt&#8220; Leopold Postm\u00fcller allerdings nicht auf die erschreckende Unf\u00e4higkeit seines Personals zur\u00fcck, sondern sieht in den Aktivit\u00e4ten eines lokalen &#8222;Indianerclubs&#8220; direkt am Golfballsee die Wurzel allen \u00dcbels. So etwas l\u00e4sst sich ein Mann von Leopolds Format nicht bieten &#8211; fatalerweise endeten aber alle Versuche, vor Gericht gegen die sch\u00e4ndlichen Umtriebe der &#8222;Indianer&#8220; vorzugehen, in desastr\u00f6sen Niederlagen. Und da so etwas viel Geld kostet, lieh man sich halt genug davon beim lokalen Kredithai \u2013 zu saftigen Zinsen.<br \/>\nVon dort droht nun weiteres Ungemach, denn dummerweise besteht man auf R\u00fcckzahlung des Schuldenberges, um sehr unangenehme Konsequenzen zu vermeiden. Ganz klar: zahlende G\u00e4ste m\u00fcssen her, und zwar schnell! Wie durch ein Wunder k\u00fcndigt sich auch bald ein verm\u00f6gendes amerikanisches Ehepaar an, um sich im &#8222;Schwarzen R\u00f6ssel&#8220; so richtig verw\u00f6hnen zu lassen. Doch schon die Vorbereitungen auf die G\u00e4ste st\u00fcrzen das Personal in eine Aneinanderreihung von Beinahe-Katastrophen, und das wird leider auch nicht besser, nachdem die Amerikaner dann tats\u00e4chlich eintreffen.<br \/>\nUnd angesichts des sich munter entwickelnden Chaos aus L\u00fcgen, \u00fcbersch\u00e4umenden Gef\u00fchlen und erschreckender Inkompetenz darf ehrlich angezweifelt werden:<br \/>\nsind diese G\u00e4ste wirklich die Rettung des &#8222;Schwarzen R\u00f6ssels&#8220;&#8230;?<\/p>\n<p><a href=\"http:\/\/ronny-sachse.de\/brettken\/wp-content\/uploads\/2015\/02\/Plakatbild-retro-kl.jpg\"><img loading=\"lazy\" class=\"aligncenter size-large wp-image-134\" src=\"http:\/\/ronny-sachse.de\/brettken\/wp-content\/uploads\/2015\/02\/Plakatbild-retro-kl-1024x514.jpg\" alt=\"plakatbild-retro-kl\" width=\"1024\" height=\"514\" srcset=\"http:\/\/ronny-sachse.de\/brettken\/wp-content\/uploads\/2015\/02\/Plakatbild-retro-kl-1024x514.jpg 1024w, http:\/\/ronny-sachse.de\/brettken\/wp-content\/uploads\/2015\/02\/Plakatbild-retro-kl-300x151.jpg 300w, http:\/\/ronny-sachse.de\/brettken\/wp-content\/uploads\/2015\/02\/Plakatbild-retro-kl-768x386.jpg 768w, http:\/\/ronny-sachse.de\/brettken\/wp-content\/uploads\/2015\/02\/Plakatbild-retro-kl.jpg 1459w\" sizes=\"(max-width: 1024px) 100vw, 1024px\" \/><\/a><\/p>\n<p><span style=\"text-decoration: underline; color: #fe990e;\"><strong>Besetzungsliste &#8222;Erwischt! Oder: Im Schwarzen R\u00f6ssel am Golfballsee&#8220;<br \/>\n<\/strong><\/span><\/p>\n<p><strong>Frauke R\u00f6mer<\/strong><br \/>\nJosefine \u201eFinchen\u201c Postm\u00fcller (dauergestresste R\u00f6sselwirtin)<\/p>\n<p><strong>Thorsten K\u00fchn<\/strong><br \/>\nLeopold Postm\u00fcller (R\u00f6sselwirt)<\/p>\n<p><strong>Dr. Michael Podworny<\/strong><br \/>\nHerr Schulz (trotteliger Pferdemetzger)<\/p>\n<p><strong>Larissa R\u00f6mer<\/strong><br \/>\nMonika \u201eMoni\u201c Bauer (vollbusige Metzgereifachverk\u00e4uferin)<\/p>\n<p><strong>Michael Kr\u00fcger<\/strong><br \/>\nDr. Sigismund Williams (amerikanischer Rechtsanwalt)<\/p>\n<p><strong>Tanja Te Poel<\/strong><br \/>\nClaire Williams (\u00fcberkandidelte Gattin des Rechtsanwalts)<\/p>\n<p><strong>Andreas Hirt<\/strong><br \/>\nJohann van Oldenkott (Kredithai)<\/p>\n<p>* * * * * * * * * * * * * * * * * * * * * * * * * * * * * * * *<\/p>\n<p><span style=\"text-decoration: underline;\"><strong>Regie\/Spielleitung<br \/>\n<\/strong><\/span>Dr. Michael Podworny<\/p>\n<p><span style=\"text-decoration: underline;\"><strong>Souffleur<\/strong><br \/>\nwer Zeit hat \ud83d\ude09<\/span><\/p>\n<p><span style=\"text-decoration: underline;\"><strong>Plakatentwurf<br \/>\n<\/strong><\/span>Andreas Schlennstedt, Ronny Sachse<\/p>\n<p><span style=\"text-decoration: underline;\"><strong>Technik\/B\u00fchnenbau<br \/>\n<\/strong><\/span>das gesamte Ensemble und viele andere<\/p>\n","protected":false},"excerpt":{"rendered":"<p>&#8222;Erwischt! Oder: Im Schwarzen R\u00f6ssel am Golfballsee&#8220; eine Wirtschafts-Krimi-Heimat-Boulevard-Kom\u00f6die von Mike Schneider Das &#8222;Schwarze R\u00f6ssel&#8220;, ein kleines und Dank der d\u00fcrftigen Gesch\u00e4ftst\u00fcchtigkeit der Inhaber m\u00e4chtig heruntergekommenes Gasthaus, direkt am Golfballsee, mit selten genutzten G\u00e4stezimmern der unteren Luxusklasse. Wenn man G\u00e4ste h\u00e4tte, so k\u00f6nnte man diese allerdings mit frischen und wohlschmeckenden Erzeugnissen aus der hauseigenen Pferdemetzgerei &#8230; <a title=\"Sommerst\u00fcck 2017 &#8211; Erwischt\" class=\"read-more\" href=\"http:\/\/ronny-sachse.de\/brettken\/ueber-uns-2\/archiv\/sommerstueck-2017-erwischt\/\">weiterlesen<\/a><\/p>\n","protected":false},"author":1,"featured_media":0,"parent":99,"menu_order":30,"comment_status":"closed","ping_status":"closed","template":"","meta":[],"_links":{"self":[{"href":"http:\/\/ronny-sachse.de\/brettken\/wp-json\/wp\/v2\/pages\/145"}],"collection":[{"href":"http:\/\/ronny-sachse.de\/brettken\/wp-json\/wp\/v2\/pages"}],"about":[{"href":"http:\/\/ronny-sachse.de\/brettken\/wp-json\/wp\/v2\/types\/page"}],"author":[{"embeddable":true,"href":"http:\/\/ronny-sachse.de\/brettken\/wp-json\/wp\/v2\/users\/1"}],"replies":[{"embeddable":true,"href":"http:\/\/ronny-sachse.de\/brettken\/wp-json\/wp\/v2\/comments?post=145"}],"version-history":[{"count":2,"href":"http:\/\/ronny-sachse.de\/brettken\/wp-json\/wp\/v2\/pages\/145\/revisions"}],"predecessor-version":[{"id":153,"href":"http:\/\/ronny-sachse.de\/brettken\/wp-json\/wp\/v2\/pages\/145\/revisions\/153"}],"up":[{"embeddable":true,"href":"http:\/\/ronny-sachse.de\/brettken\/wp-json\/wp\/v2\/pages\/99"}],"wp:attachment":[{"href":"http:\/\/ronny-sachse.de\/brettken\/wp-json\/wp\/v2\/media?parent=145"}],"curies":[{"name":"wp","href":"https:\/\/api.w.org\/{rel}","templated":true}]}}